 is divided by 30?
19
What is the remainder when 64160497 is divided by 923?
921
What is the remainder when 314108 is divided by 157046?
16
Calculate the remainder when 1538476 is divided by 5478.
4636
Calculate the remainder when 2163815616 is divided by 101.
100
What is the remainder when 21675 is divided by 8872?
3931
Calculate the remainder when 66076569 is divided by 235.
209
Calculate the remainder when 9341866 is divided by 489.
10
What is the remainder when 14579914 is divided by 5161?
89
Calculate the remainder when 1370805 is divided by 59.
58
Calculate the remainder when 53975 is divided by 26687.
601
Calculate the remainder when 1132975 is divided by 449.
148
Calculate the remainder when 1968349 is divided by 4494.
4471
What is the remainder when 4746531 is divided by 556?
515
What is the remainder when 3330333 is divided by 3721?
38
Calculate the remainder when 17670877 is divided by 92.
69
Calculate the remainder when 4751567 is divided by 43.
24
Calculate the remainder when 1497052 is divided by 128.
92
What is the remainder when 99082 is divided by 99008?
74
What is the remainder when 261903768 is divided by 66?
60
What is the remainder when 2812294 is divided by 1671?
1
Calculate the remainder when 1310606 is divided by 973.
948
Calculate the remainder when 205849 is divided by 1400.
49
Calculate the remainder when 25289184 is divided by 26.
24
What is the remainder when 12439 is divided by 6193?
53
Calculate the remainder when 2853921 is divided by 79.
46
Calculate the remainder when 489792 is divided by 18826.
316
What is the remainder when 4448058 is divided by 2154?
48
Calculate the remainder when 345761 is divided by 67764.
6941
What is the remainder when 10904 is divided by 5028?
848
Calculate the remainder when 314485 is divided by 769.
733
Calculate the remainder when 253128720 is divided by 3018.
6
What is the remainder when 2483050 is divided by 34014?
28
Calculate the remainder when 489436 is divided by 224.
220
What is the remainder when 1174872 is divided by 1366?
112
Calculate the remainder when 116970 is divided by 1742.
256
What is the remainder when 34982 is divided by 1248?
38
What is the remainder when 9685 is divided by 7243?
2442
What is the remainder when 7228067 is divided by 787?
259
Calculate the remainder when 384618 is divided by 8176.
346
Calculate the remainder when 13904582 is divided by 21.
20
Calculate the remainder when 25732253 is divided by 531.
524
Calculate the remainder when 401620 is divided by 21.
16
What is the remainder when 15947 is divided by 857?
521
Calculate the remainder when 403038 is divided by 8059.
88
What is the remainder when 16603229 is divided by 16856?
69
What is the remainder when 34544 is divided by 1446?
1286
What is the remainder when 74629 is divided by 13663?
6314
What is the remainder when 1765232 is divided by 1200?
32
Calculate the remainder when 37641502 is divided by 21.
10
What is the remainder when 3093589 is divided by 220954?
233
What is the remainder when 468989 is divided by 117140?
429
Calculate the remainder when 11671881 is divided by 442.
429
Calculate the remainder when 46630 is divided by 180.
10
Calculate the remainder when 309087421 is divided by 295.
286
Calculate the remainder when 19144379 is divided by 26.
7
What is the remainder when 45318 is divided by 684?
174
Calculate the remainder when 750086 is divided by 13194.
11222
Calculate the remainder when 4612041 is divided by 299.
265
What is the remainder when 160985 is divided by 53504?
473
Calculate the remainder when 214032 is divided by 67097.
12741
Calculate the remainder when 442382 is divided by 318.
44
What is the remainder when 3155697 is divided by 3155589?
108
What is the remainder when 96406147 is divided by 10?
7
Calculate the remainder when 106300782 is divided by 108692.
6
Calculate the remainder when 2046192 is divided by 19120.
352
Calculate the remainder when 459676 is divided by 5472.
28
What is the remainder when 249297365 is divided by 178?
177
Calculate the remainder when 134538 is divided by 14940.
78
Calculate the remainder when 45529 is divided by 331.
182
What is the remainder when 27030 is divided by 3133?
1966
Calculate the remainder when 26703611 is divided by 13351793.
25
Calculate the remainder when 219812 is divided by 549.
212
Calculate the remainder when 4752799 is divided by 221.
194
What is the remainder when 155102781 is divided by 4?
1
Calculate the remainder when 298223 is divided by 49617.
521
Calculate the remainder when 25207252 is divided by 117.
70
What is the remainder when 3204839 is divided by 3058?
55
Calculate the remainder when 9287711 is divided by 4878.
4877
What is the remainder when 3996643 is divided by 1139?
1031
What is the remainder when 136604 is divided by 6504?
20
Calculate the remainder when 6212797 is divided by 776595.
37
What is the remainder when 1397868 is divided by 777?
45
Calculate the remainder when 79963112 is divided by 583.
581
What is the remainder when 45798 is divided by 3601?
2586
What is the remainder when 146979029 is divided by 563?
560
Calculate the remainder when 92322 is divided by 314.
6
Calculate the remainder when 2281532 is divided by 55645.
87
What is the remainder when 1410851 is divided by 15?
11
What is the remainder when 82271 is divided by 80844?
1427
Calculate the remainder when 11962823 is divided by 720.
23
What is the remainder when 163222 is divided by 1067?
1038
What is the remainder when 48128945 is divided by 253?
249
Calculate the remainder when 660746 is divided by 808.
610
Calculate the remainder when 840135 is divided by 119999.
142
What is the remainder when 42873719 is divided by 20742?
5
What is the remainder when 6057349 is divided by 1514330?
29
Calculate the remainder when 730669 is divided by 365322.
25
Calculate the remainder when 18020967 is divided by 127808.
39
What is the remainder when 2128723 is divided by 177392?
19
What is the remainder when 45328 is divided by 8893?
863
Calculate the remainder when 99190 is divided by 1526.
0
Calculate the remainder when 578529 is divided by 41.
19
What is the remainder when 58735 is divided by 3912?
55
What is the remainder when 565359 is divided by 140742?
2391
Calculate the remainder when 395516267 is divided by 9.
8
Calculate the remainder when 2576745 is divided by 20289.
42
What is the remainder when 2224424 is divided by 57?
56
What is the remainder when 2110790 is divided by 30589?
149
What is the remainder when 110884 is divided by 7614?
4288
Calculate the remainder when 605376 is divided by 7122.
6
Calculate the remainder when 2641 is divided by 2371.
270
What is the remainder when 216199 is divided by 216179?
20
What is the remainder when 657257 is divided by 328618?
21
Calculate the remainder when 2277663 is divided by 759208.
39
What is the remainder when 289135 is divided by 3219?
2644
What is the remainder when 11531 is divided by 950?
131
Calculate the remainder when 4137492 is divided by 477.
471
What is the remainder when 28486457 is divided by 153?
152
Calculate the remainder when 186082 is divided by 705.
667
What is the remainder when 32392 is divided by 76?
16
Calculate the remainder when 742327 is divided by 409.
401
Calculate the remainder when 6672745 is divided by 460.
445
What is the remainder when 20775 is divided by 8882?
3011
What is the remainder when 57338 is divided by 931?
547
Calculate the remainder when 1685041 is divided by 12036.
1
Calculate the remainder when 1407623 is divided by 6835.
6448
Calculate the remainder when 10971290 is divided by 83.
18
Calculate the remainder when 9068310 is divided by 97508.
66
Calculate the remainder when 378143 is divided by 423.
404
What is the remainder when 556211 is divided by 92668?
203
What is the remainder when 20259699 is divided by 8?
3
What is the remainder when 13629003 is divided by 402?
399
Calculate the remainder when 279346 is divided by 632.
2
Calculate the remainder when 63153 is divided by 4119.
1368
Calculate the remainder when 13637107 is divided by 604.
599
Calculate the remainder when 30488033 is divided by 1980.
1973
What is the remainder when 731586 is divided by 243846?
48
What is the remainder when 6125 is divided by 5653?
472
What is t